 divided by 2153?
208
What is the remainder when 1461 is divided by 286?
31
Calculate the remainder when 2378 is divided by 531.
254
Calculate the remainder when 201 is divided by 180.
21
What is the remainder when 61538 is divided by 112?
50
Calculate the remainder when 123646 is divided by 61.
60
Calculate the remainder when 562 is divided by 9.
4
What is the remainder when 169984 is divided by 41?
39
What is the remainder when 32819 is divided by 585?
59
Calculate the remainder when 108763 is divided by 6797.
11
Calculate the remainder when 27116 is divided by 1595.
1
What is the remainder when 50160 is divided by 22?
0
Calculate the remainder when 30860 is divided by 3043.
430
What is the remainder when 32198 is divided by 258?
206
What is the remainder when 24422 is divided by 317?
13
Calculate the remainder when 1655 is divided by 274.
11
Calculate the remainder when 1679 is divided by 161.
69
What is the remainder when 2783 is divided by 16?
15
What is the remainder when 1515318 is divided by 86?
84
What is the remainder when 3323 is divided by 703?
511
Calculate the remainder when 20813 is divided by 20798.
15
Calculate the remainder when 7460 is divided by 166.
156
Calculate the remainder when 1222046 is divided by 321.
320
What is the remainder when 15846 is divided by 3958?
14
What is the remainder when 52474 is divided by 610?
14
What is the remainder when 7345 is divided by 195?
130
Calculate the remainder when 1132 is divided by 135.
52
What is the remainder when 15477 is divided by 553?
546
Calculate the remainder when 2351 is divided by 336.
335
Calculate the remainder when 1213518 is divided by 80.
78
What is the remainder when 22667 is divided by 1362?
875
What is the remainder when 6274572 is divided by 1571?
1569
Calculate the remainder when 7127 is divided by 10.
7
What is the remainder when 70433 is divided by 24?
17
What is the remainder when 10617 is divided by 5208?
201
What is the remainder when 94215 is divided by 59?
51
What is the remainder when 37972 is divided by 135?
37
What is the remainder when 252559 is divided by 63?
55
Calculate the remainder when 4386 is divided by 810.
336
What is the remainder when 2747 is divided by 34?
27
Calculate the remainder when 50691 is divided by 8448.
3
What is the remainder when 618510 is divided by 16?
14
What is the remainder when 9738 is divided by 972?
18
Calculate the remainder when 3194 is divided by 349.
53
What is the remainder when 9177 is divided by 287?
280
Calculate the remainder when 227927 is divided by 18993.
11
Calculate the remainder when 5181565 is divided by 56.
53
What is the remainder when 27167 is divided by 16?
15
Calculate the remainder when 85817 is divided by 51.
35
Calculate the remainder when 192437 is divided by 3.
2
What is the remainder when 16341 is divided by 36?
33
Calculate the remainder when 19959 is divided by 124.
119
Calculate the remainder when 8790 is divided by 674.
28
What is the remainder when 9969 is divided by 2140?
1409
Calculate the remainder when 124168 is divided by 48.
40
Calculate the remainder when 47784 is divided by 74.
54
Calculate the remainder when 1732 is divided by 78.
16
What is the remainder when 1509715 is divided by 920?
915
What is the remainder when 23529 is divided by 755?
124
Calculate the remainder when 137494 is divided by 535.
534
Calculate the remainder when 1442681 is divided by 11.
9
What is the remainder when 1889 is divided by 205?
44
Calculate the remainder when 2963791 is divided by 290.
281
What is the remainder when 1906 is divided by 84?
58
What is the remainder when 118291 is divided by 129?
127
What is the remainder when 55817 is divided by 628?
553
What is the remainder when 55539 is divided by 86?
69
Calculate the remainder when 7203 is divided by 39.
27
Calculate the remainder when 1777 is divided by 318.
187
What is the remainder when 166384 is divided by 66?
64
What is the remainder when 1000 is divided by 43?
11
What is the remainder when 19350 is divided by 19255?
95
What is the remainder when 9093 is divided by 826?
7
What is the remainder when 823590 is divided by 204?
42
Calculate the remainder when 401853 is divided by 182.
179
What is the remainder when 279463 is divided by 93?
91
Calculate the remainder when 192 is divided by 30.
12
Calculate the remainder when 1816 is divided by 1794.
22
Calculate the remainder when 3962 is divided by 2186.
1776
What is the remainder when 81961 is divided by 27317?
10
What is the remainder when 1141 is divided by 4?
1
What is the remainder when 6239 is divided by 339?
137
What is the remainder when 1811 is divided by 531?
218
Calculate the remainder when 1337 is divided by 601.
135
What is the remainder when 322551 is divided by 71?
69
What is the remainder when 92171 is divided by 199?
34
What is the remainder when 21104 is divided by 515?
504
Calculate the remainder when 4569176 is divided by 1643.
1636
What is the remainder when 10796 is divided by 145?
66
Calculate the remainder when 8070 is divided by 569.
104
Calculate the remainder when 12091 is divided by 159.
7
Calculate the remainder when 6535 is divided by 40.
15
What is the remainder when 5035 is divided by 18?
13
Calculate the remainder when 436357 is divided by 436357.
0
What is the remainder when 4502 is divided by 230?
132
What is the remainder when 15904 is divided by 662?
16
What is the remainder when 14451 is divided by 7187?
77
Calculate the remainder when 47247 is divided by 23535.
177
What is the remainder when 882522 is divided by 25?
22
Calculate the remainder when 81116 is divided by 64.
28
Calculate the remainder when 476 is divided by 229.
18
Calculate the remainder when 12536 is divided by 1451.
928
Calculate the remainder when 40291 is divided by 57.
49
What is the remainder when 8040 is divided by 729?
21
Calculate the remainder when 3214 is divided by 295.
264
Calculate the remainder when 393 is divided by 27.
15
What is the remainder when 1094 is divided by 234?
158
Calculate the remainder when 7416 is divided by 54.
18
Calculate the remainder when 19638 is divided by 157.
13
Calculate the remainder when 8039 is divided by 515.
314
Calculate the remainder when 294783 is divided by 73693.
11
Calculate the remainder when 62348 is divided by 187.
77
Calculate the remainder when 5399 is divided by 169.
160
What is the remainder when 175220 is divided by 1116?
8
What is the remainder when 388634 is divided by 14?
8
What is the remainder when 25510 is divided by 232?
222
What is the remainder when 7424 is divided by 1226?
68
What is the remainder when 1502 is divided by 148?
22
What is the remainder when 74047 is divided by 111?
10
What is the remainder when 2357 is divided by 5?
2
What is the remainder when 1830 is divided by 31?
1
Calculate the remainder when 15845 is divided by 223.
12
What is the remainder when 630417 is divided by 114?
111
What is the remainder when 420600 is divided by 16?
8
What is the remainder when 1249416 is divided by 358?
354
Calculate the remainder when 5338 is divided by 313.
17
Calculate the remainder when 1050 is divided by 308.
126
What is the remainder when 67838 is divided by 1413?
14
What is the remainder when 3478 is divided by 543?
220
What is the remainder when 1235740 is divided by 2116?
2112
Calculate the remainder when 3134 is divided by 127.
86
What is the remainder when 32704 is divided by 8174?
8
What is the remainder when 14057 is divided by 15?
2
Calculate the remainder when 10886 is divided by 49.
8
Calculate the remainder when 24408 is divided by 237.
234
What is the remainder when 80557 is divided by 20134?
21
Calculate the remainder when 7793 is divided by 353.
27
Calculate the remainder when 41538 is divided by 1432.
10
Calculate the remainder when 127420 is divided by 26.
20
Calculate the remainder when 7328 is divided by 1209.
74
Calculate the remainder when 486 is divided by 466.
20
Calculate the remainder when 6327 is divided by 2107.
6
What is the remainder when 83240 is divided by 48?
8
What is the remainder when 22261 is divided by 66?
19
Calculate the remainder when 56285 is divided by 647.
643
What is the remainder when 71460 is divided by 464?
4
What is the remainder when 164 is divided by 21?
17
What is t